he remainder when 10713 is divided by 9?
3
Calculate the remainder when 147 is divided by 25.
22
What is the remainder when 298 is divided by 63?
46
Calculate the remainder when 54 is divided by 20.
14
What is the remainder when 802 is divided by 204?
190
What is the remainder when 2015 is divided by 84?
83
What is the remainder when 401 is divided by 103?
92
Calculate the remainder when 220 is divided by 33.
22
What is the remainder when 2981 is divided by 745?
1
What is the remainder when 927 is divided by 58?
57
Calculate the remainder when 17735 is divided by 12.
11
Calculate the remainder when 59 is divided by 31.
28
Calculate the remainder when 171 is divided by 41.
7
Calculate the remainder when 486 is divided by 454.
32
Calculate the remainder when 278 is divided by 205.
73
What is the remainder when 416 is divided by 19?
17
What is the remainder when 103 is divided by 39?
25
Calculate the remainder when 22706 is divided by 9.
8
What is the remainder when 29 is divided by 4?
1
What is the remainder when 83 is divided by 15?
8
Calculate the remainder when 1034 is divided by 175.
159
What is the remainder when 1342 is divided by 266?
12
Calculate the remainder when 24 is divided by 3.
0
Calculate the remainder when 1231 is divided by 83.
69
Calculate the remainder when 3993 is divided by 17.
15
Calculate the remainder when 1935 is divided by 35.
10
Calculate the remainder when 35 is divided by 9.
8
What is the remainder when 1838 is divided by 586?
80
What is the remainder when 77 is divided by 6?
5
What is the remainder when 221 is divided by 16?
13
What is the remainder when 1738 is divided by 7?
2
What is the remainder when 842 is divided by 4?
2
Calculate the remainder when 86 is divided by 65.
21
Calculate the remainder when 72 is divided by 19.
15
What is the remainder when 240 is divided by 81?
78
Calculate the remainder when 15575 is divided by 236.
235
What is the remainder when 291 is divided by 7?
4
Calculate the remainder when 47 is divided by 15.
2
Calculate the remainder when 1316 is divided by 280.
196
What is the remainder when 1094 is divided by 15?
14
Calculate the remainder when 1060 is divided by 38.
34
What is the remainder when 114 is divided by 106?
8
What is the remainder when 178 is divided by 62?
54
What is the remainder when 1636 is divided by 405?
16
Calculate the remainder when 156 is divided by 18.
12
Calculate the remainder when 17172 is divided by 226.
222
What is the remainder when 452 is divided by 75?
2
Calculate the remainder when 700 is divided by 231.
7
What is the remainder when 1837 is divided by 8?
5
Calculate the remainder when 387 is divided by 28.
23
Calculate the remainder when 76 is divided by 11.
10
Calculate the remainder when 1309 is divided by 80.
29
What is the remainder when 476 is divided by 10?
6
Calculate the remainder when 122 is divided by 24.
2
What is the remainder when 118 is divided by 64?
54
What is the remainder when 421 is divided by 139?
4
Calculate the remainder when 357 is divided by 172.
13
What is the remainder when 457 is divided by 69?
43
Calculate the remainder when 52 is divided by 9.
7
Calculate the remainder when 625 is divided by 35.
30
Calculate the remainder when 3148 is divided by 14.
12
What is the remainder when 517 is divided by 52?
49
Calculate the remainder when 109 is divided by 19.
14
Calculate the remainder when 381 is divided by 58.
33
What is the remainder when 2273 is divided by 65?
63
What is the remainder when 340 is divided by 136?
68
Calculate the remainder when 204 is divided by 186.
18
What is the remainder when 303 is divided by 61?
59
Calculate the remainder when 843 is divided by 412.
19
What is the remainder when 18 is divided by 10?
8
Calculate the remainder when 157 is divided by 16.
13
What is the remainder when 1108 is divided by 130?
68
What is the remainder when 2397 is divided by 15?
12
What is the remainder when 123 is divided by 10?
3
Calculate the remainder when 269 is divided by 38.
3
What is the remainder when 1905 is divided by 127?
0
Calculate the remainder when 1098 is divided by 20.
18
Calculate the remainder when 639 is divided by 162.
153
What is the remainder when 672 is divided by 45?
42
Calculate the remainder when 541 is divided by 102.
31
What is the remainder when 173 is divided by 36?
29
What is the remainder when 1146 is divided by 37?
36
What is the remainder when 149 is divided by 27?
14
What is the remainder when 369 is divided by 27?
18
Calculate the remainder when 4649 is divided by 15.
14
What is the remainder when 733 is divided by 5?
3
Calculate the remainder when 219 is divided by 21.
9
What is the remainder when 149 is divided by 31?
25
Calculate the remainder when 458 is divided by 74.
14
Calculate the remainder when 188 is divided by 5.
3
Calculate the remainder when 10 is divided by 4.
2
Calculate the remainder when 223 is divided by 53.
11
Calculate the remainder when 76 is divided by 30.
16
What is the remainder when 58 is divided by 5?
3
Calculate the remainder when 3736 is divided by 129.
124
What is the remainder when 1006 is divided by 56?
54
What is the remainder when 35 is divided by 13?
9
Calculate the remainder when 1207 is divided by 36.
19
Calculate the remainder when 239 is divided by 35.
29
What is the remainder when 230 is divided by 104?
22
Calculate the remainder when 451 is divided by 20.
11
Calculate the remainder when 137 is divided by 63.
11
Calculate the remainder when 314 is divided by 70.
34
What is the remainder when 254 is divided by 51?
50
Calculate the remainder when 1145 is divided by 28.
25
What is the remainder when 4990 is divided by 89?
6
Calculate the remainder when 622 is divided by 12.
10
What is the remainder when 106 is divided by 59?
47
What is the remainder when 2274 is divided by 31?
11
What is the remainder when 283 is divided by 76?
55
Calculate the remainder when 22 is divided by 1.
0
What is the remainder when 2188 is divided by 146?
144
What is the remainder when 185 is divided by 93?
92
Calculate the remainder when 268 is divided by 68.
64
Calculate the remainder when 200 is divided by 63.
11
What is the remainder when 4988 is divided by 48?
44
What is the remainder when 54 is divided by 21?
12
What is the remainder when 18749 is divided by 10?
9
Calculate the remainder when 135 is divided by 8.
7
Calculate the remainder when 52 is divided by 30.
22
What is the remainder when 375 is divided by 39?
24
Calculate the remainder when 123 is divided by 33.
24
What is the remainder when 197 is divided by 40?
37
What is the remainder when 118 is divided by 93?
25
Calculate the remainder when 403 is divided by 192.
19
What is the remainder when 44 is divided by 17?
10
What is the remainder when 3076 is divided by 9?
7
Calculate the remainder when 1552 is divided by 111.
109
Calculate the remainder when 5092 is divided by 116.
104
Calculate the remainder when 272 is divided by 134.
4
What is the remainder when 1128 is divided by 547?
34
What is the remainder when 1167 is divided by 15?
12
Calculate the remainder when 165 is divided by 44.
33
Calculate the remainder when 1160 is divided by 201.
155
Calculate the remainder when 1384 is divided by 125.
9
What is the remainder when 665 is divided by 164?
9
Calculate the remainder when 395 is divided by 33.
32
Calculate the remainder when 269 is divided by 39.
35
What is the remainder when 770 is divided by 155?
150
Calculate the remainder when 7239 is divided by 17.
14
Calculate the remainder when 24850 is divided by 57.
55
What is the remainder when 1413 is divided by 240?
213
What is the remainder when 181 is divided by 61?
59
What is the remainder when 2656 is divided by 20?
16
What is the remainder when 243 is divided by 109?
25
What is the remainder when 9296 is divided by 20?
16
Calculate the remainder when 1289 is divided by 38.
35
Calculate the remainder when 5608 is divided by 85.
83
What is the remainder when 1631 is divided by 262?
59
Calculate the remainder when 172 is divided by 82.
8
Calculate the remainder when 345 is divided by 29.
26
Calculate the remainder when 1512 is divided by 17.
16
Calculate the remainder when 292 is divided by 59.
56
What is the remainder when 41 is divided by 16?
9
Calcula